{"id":980,"date":"2024-02-29T08:42:58","date_gmt":"2024-02-29T07:42:58","guid":{"rendered":"https:\/\/jugendverein-herrieden.de\/?page_id=980"},"modified":"2026-04-20T13:25:45","modified_gmt":"2026-04-20T11:25:45","slug":"impressum","status":"publish","type":"page","link":"https:\/\/jugendverein-herrieden.de\/?page_id=980","title":{"rendered":"Impressum"},"content":{"rendered":"\n<div class=\"wp-block-group alignfull has-global-padding is-layout-constrained wp-block-group-is-layout-constrained\">\n<div class=\"wp-block-group alignfull has-contrast-background-color has-background is-horizontal is-content-justification-space-between is-layout-flex wp-container-core-group-is-layout-138ebe6e wp-block-group-is-layout-flex wp-container-4 is-position-sticky\" style=\"border-top-style:none;border-top-width:0px;border-right-style:none;border-right-width:0px;border-bottom-width:5px;border-left-style:none;border-left-width:0px;min-height:2px;padding-top:var(--wp--preset--spacing--10);padding-right:var(--wp--preset--spacing--20);padding-bottom:var(--wp--preset--spacing--10);padding-left:var(--wp--preset--spacing--20)\">\n<div class=\"wp-block-group is-horizontal is-content-justification-left is-nowrap is-layout-flex wp-container-core-group-is-layout-30e85407 wp-block-group-is-layout-flex\"><div class=\"is-style-rounded is-style-rounded--1 wp-block-site-logo\"><a href=\"https:\/\/jugendverein-herrieden.de\/\" class=\"custom-logo-link\" rel=\"home\"><img loading=\"lazy\" decoding=\"async\" width=\"78\" height=\"78\" src=\"https:\/\/jugendverein-herrieden.de\/wp-content\/uploads\/2026\/02\/cropped-cropped-logo.jpg\" class=\"custom-logo\" alt=\"&lt;strong&gt;&lt;br&gt;Jgendrein&lt;\/strong&gt;\" srcset=\"https:\/\/jugendverein-herrieden.de\/wp-content\/uploads\/2026\/02\/cropped-cropped-logo.jpg 200w, https:\/\/jugendverein-herrieden.de\/wp-content\/uploads\/2026\/02\/cropped-cropped-logo-150x150.jpg 150w\" sizes=\"auto, (max-width: 78px) 100vw, 78px\" \/><\/a><\/div>\n\n\n<p class=\"has-base-color has-text-color has-link-color has-body-font-family has-x-large-font-size wp-elements-220e81fd3c5577dd7daf92c56e12991c\" style=\"font-style:italic;font-weight:800;line-height:1.2\"><strong><a href=\"https:\/\/jugendverein-herrieden.de\/\" data-type=\"page\" data-id=\"1476\">Jugendverein<br>Herrieden<\/a><\/strong><\/p>\n<\/div>\n\n\n<nav style=\"font-size:clamp(15.197px, 0.95rem + ((1vw - 3.2px) * 0.813), 23px);font-style:italic;font-weight:800;\" class=\"has-text-color has-base-color is-responsive items-justified-right no-wrap wp-block-navigation has-body-font-family is-horizontal is-content-justification-right is-nowrap is-layout-flex wp-container-core-navigation-is-layout-f12c8eb6 wp-block-navigation-is-layout-flex\" aria-label=\"Navigation\" \n\t\t data-wp-interactive=\"core\/navigation\" data-wp-context='{\"overlayOpenedBy\":{\"click\":false,\"hover\":false,\"focus\":false},\"type\":\"overlay\",\"roleAttribute\":\"\",\"ariaLabel\":\"Men\\u00fc\"}'><button aria-haspopup=\"dialog\" aria-label=\"Men\u00fc \u00f6ffnen\" class=\"wp-block-navigation__responsive-container-open\" \n\t\t\t\tdata-wp-on--click=\"actions.openMenuOnClick\"\n\t\t\t\tdata-wp-on--keydown=\"actions.handleMenuKeydown\"\n\t\t\t><svg width=\"24\" height=\"24\" xmlns=\"http:\/\/www.w3.org\/2000\/svg\" viewBox=\"0 0 24 24\" aria-hidden=\"true\" focusable=\"false\"><path d=\"M4 7.5h16v1.5H4z\"><\/path><path d=\"M4 15h16v1.5H4z\"><\/path><\/svg><\/button>\n\t\t\t\t<div class=\"wp-block-navigation__responsive-container  has-text-color has-contrast-color has-background has-base-2-background-color\"  id=\"modal-3\" \n\t\t\t\tdata-wp-class--has-modal-open=\"state.isMenuOpen\"\n\t\t\t\tdata-wp-class--is-menu-open=\"state.isMenuOpen\"\n\t\t\t\tdata-wp-watch=\"callbacks.initMenu\"\n\t\t\t\tdata-wp-on--keydown=\"actions.handleMenuKeydown\"\n\t\t\t\tdata-wp-on--focusout=\"actions.handleMenuFocusout\"\n\t\t\t\ttabindex=\"-1\"\n\t\t\t>\n\t\t\t\t\t<div class=\"wp-block-navigation__responsive-close\" tabindex=\"-1\">\n\t\t\t\t\t\t<div class=\"wp-block-navigation__responsive-dialog\" \n\t\t\t\tdata-wp-bind--aria-modal=\"state.ariaModal\"\n\t\t\t\tdata-wp-bind--aria-label=\"state.ariaLabel\"\n\t\t\t\tdata-wp-bind--role=\"state.roleAttribute\"\n\t\t\t>\n\t\t\t\t\t\t\t<button aria-label=\"Men\u00fc schlie\u00dfen\" class=\"wp-block-navigation__responsive-container-close\" \n\t\t\t\tdata-wp-on--click=\"actions.closeMenuOnClick\"\n\t\t\t><svg xmlns=\"http:\/\/www.w3.org\/2000\/svg\" viewBox=\"0 0 24 24\" width=\"24\" height=\"24\" aria-hidden=\"true\" focusable=\"false\"><path d=\"m13.06 12 6.47-6.47-1.06-1.06L12 10.94 5.53 4.47 4.47 5.53 10.94 12l-6.47 6.47 1.06 1.06L12 13.06l6.47 6.47 1.06-1.06L13.06 12Z\"><\/path><\/svg><\/button>\n\t\t\t\t\t\t\t<div class=\"wp-block-navigation__responsive-container-content\" \n\t\t\t\tdata-wp-watch=\"callbacks.focusFirstElement\"\n\t\t\t id=\"modal-3-content\">\n\t\t\t\t\t\t\t\t<ul style=\"font-size:clamp(15.197px, 0.95rem + ((1vw - 3.2px) * 0.813), 23px);font-style:italic;font-weight:800;\" class=\"wp-block-navigation__container has-text-color has-base-color is-responsive items-justified-right no-wrap wp-block-navigation has-body-font-family\"><li style=\"font-size: clamp(15.197px, 0.95rem + ((1vw - 3.2px) * 0.813), 23px); font-style:italic;font-weight:800;\" class=\" wp-block-navigation-item wp-block-navigation-link\"><a class=\"wp-block-navigation-item__content\"  href=\"https:\/\/jugendverein-herrieden.de\/?page_id=1619\"><span class=\"wp-block-navigation-item__label\">FLASHBACK.<\/span><\/a><\/li><li style=\"font-size: clamp(15.197px, 0.95rem + ((1vw - 3.2px) * 0.813), 23px); font-style:italic;font-weight:800;\" class=\" wp-block-navigation-item wp-block-navigation-link\"><a class=\"wp-block-navigation-item__content\"  href=\"https:\/\/jugendverein-herrieden.de\/?post_type=tribe_events\"><span class=\"wp-block-navigation-item__label\">EVENTS.<\/span><\/a><\/li><li style=\"font-size: clamp(15.197px, 0.95rem + ((1vw - 3.2px) * 0.813), 23px); font-style:italic;font-weight:800;\" class=\" wp-block-navigation-item is-style-default wp-block-navigation-link\"><a class=\"wp-block-navigation-item__content\"  href=\"https:\/\/jugendverein-herrieden.de\/?page_id=1615\"><span class=\"wp-block-navigation-item__label\">NEWS.<\/span><\/a><\/li><li style=\"font-size: clamp(15.197px, 0.95rem + ((1vw - 3.2px) * 0.813), 23px);\" class=\"wp-block-navigation-item nav-button is-style-default wp-block-navigation-link wp-container-content-9cfa9a5a\"><a class=\"wp-block-navigation-item__content\"  href=\"https:\/\/jugendverein-herrieden.de\/?page_id=136\"><span class=\"wp-block-navigation-item__label\">Mitglied werden.<\/span><\/a><\/li><\/ul>\n\t\t\t\t\t\t\t<\/div>\n\t\t\t\t\t\t<\/div>\n\t\t\t\t\t<\/div>\n\t\t\t\t<\/div><\/nav><\/div>\n<\/div>\n\n\n\n<h1 class=\"wp-block-heading\" style=\"padding-top:0;padding-bottom:var(--wp--preset--spacing--30)\">Impressum<\/h1>\n\n\n\n<div class=\"wp-block-columns is-layout-flex wp-container-core-columns-is-layout-4e25967d wp-block-columns-is-layout-flex\" style=\"padding-right:var(--wp--preset--spacing--10);padding-left:var(--wp--preset--spacing--10)\">\n<div class=\"wp-block-column is-layout-flow wp-block-column-is-layout-flow\">\n<div class=\"wp-block-group has-contrast-3-background-color has-background has-global-padding is-layout-constrained wp-container-core-group-is-layout-0f24b619 wp-block-group-is-layout-constrained\" style=\"border-width:5px;margin-top:var(--wp--preset--spacing--10);margin-bottom:var(--wp--preset--spacing--10);padding-top:var(--wp--preset--spacing--20);padding-right:var(--wp--preset--spacing--20);padding-bottom:var(--wp--preset--spacing--20);padding-left:var(--wp--preset--spacing--20)\">\n<h4 class=\"wp-block-heading\" style=\"padding-top:var(--wp--preset--spacing--10);padding-bottom:var(--wp--preset--spacing--10)\">Anschrift:<\/h4>\n\n\n\n<p>Jugendverein Herrieden e.V.<br>Hohenberg 33<br>91567 Herrieden<br>info@jugendverein-herrieden.de<\/p>\n\n\n\n<h4 class=\"wp-block-heading\" style=\"padding-top:var(--wp--preset--spacing--20);padding-bottom:var(--wp--preset--spacing--20)\">Vertretungsberechtigte Vorstandsmitglieder:<\/h4>\n\n\n\n<p>Jakob H\u00f6rauf, Vorsitzender<br>Johanna Serban, stellvertredende Vorsitzende<br>Mario Frey , Schriftf\u00fchrer<br>Philipp Sand, Schatzmeister<\/p>\n\n\n\n<p>Registergericht: Ansbach<br>Registernummer: VR 201070<\/p>\n\n\n\n<p><strong>Verantwortlich f\u00fcr den Inhalt nach \u00a7 55 Abs. 2 RStV:<\/strong><br>Jakob H\u00f6rauf<br>Jahnstra\u00dfe 11<br>91567 Herrieden<br>vorstand@jugendverein-herrieden.de<\/p>\n\n\n\n<h4 class=\"wp-block-heading\" style=\"padding-top:var(--wp--preset--spacing--20);padding-bottom:var(--wp--preset--spacing--20)\">Bankverbindung:<\/h4>\n\n\n\n<p>Jugendverein Herrieden e.V.<br>VR-Bank<br>Mittelfranken West eG<br>(IBAN: DE47 7656 0060 0001 8909 64)<br>(BIC: GENODEF1ANS)<\/p>\n\n\n\n<p style=\"padding-top:var(--wp--preset--spacing--10);padding-bottom:var(--wp--preset--spacing--10)\"><strong>Hinweis zur Haftung:<\/strong><br>Trotz sorgf\u00e4ltiger inhaltlicher Kontrolle \u00fcbernehmen wir keine Haftung f\u00fcr die Inhalte externer Links. F\u00fcr den Inhalt der verlinkten Seiten sind ausschlie\u00dflich deren Betreiber verantwortlich.<\/p>\n\n\n\n<p><strong>Urheberrechtshinweis:<\/strong><br>Die auf dieser Website verwendeten Texte, Bilder und Grafiken unterliegen dem deutschen Urheberrecht. Die Vervielf\u00e4ltigung, Bearbeitung, Verbreitung und jede Art der Verwertung au\u00dferhalb der Grenzen des Urheberrechts bed\u00fcrfen der schriftlichen Zustimmung des jeweiligen Autors bzw. Erstellers. Downloads und Kopien dieser Seite sind nur f\u00fcr den privaten, nicht kommerziellen Gebrauch gestattet.<\/p>\n\n\n\n<p style=\"padding-top:var(--wp--preset--spacing--10);padding-bottom:var(--wp--preset--spacing--10)\"><strong>Datenschutz:<\/strong><br>Die Nutzung unserer Webseite ist in der Regel ohne Angabe personenbezogener Daten m\u00f6glich. Soweit auf unseren Seiten personenbezogene Daten (beispielsweise Name, Anschrift oder E-Mail-Adressen) erhoben werden, erfolgt dies, soweit m\u00f6glich, stets auf freiwilliger Basis. Diese Daten werden ohne Ihre ausdr\u00fcckliche Zustimmung nicht an Dritte weitergegeben. Wir weisen darauf hin, dass die Daten\u00fcbertragung im Internet (z.B., bei der Kommunikation per E-Mail) Sicherheitsl\u00fccken aufweisen kann. Ein l\u00fcckenloser Schutz der Daten vor dem Zugriff durch Dritte ist nicht m\u00f6glich.<\/p>\n\n\n\n<p>Stand: 29.02.2024<\/p>\n\n\n\n<p style=\"padding-bottom:var(--wp--preset--spacing--20)\">Jugendverein Herrieden&nbsp;e.V.<br>91567 Herrieden<\/p>\n\n\n\n<p><\/p>\n<\/div>\n<\/div>\n<\/div>\n","protected":false},"excerpt":{"rendered":"<p>Impressum Anschrift: Jugendverein Herrieden e.V.Hohenberg 3391567 Herriedeninfo@jugendverein-herrieden.de Vertretungsberechtigte Vorstandsmitglieder: Jakob H\u00f6rauf, VorsitzenderJohanna Serban, stellvertredende VorsitzendeMario Frey , Schriftf\u00fchrerPhilipp Sand, Schatzmeister Registergericht: AnsbachRegisternummer: VR 201070 Verantwortlich f\u00fcr den Inhalt nach \u00a7 [&hellip;]<\/p>\n","protected":false},"author":2,"featured_media":0,"parent":0,"menu_order":0,"comment_status":"closed","ping_status":"closed","template":"","meta":{"_price":"","_stock":"","_tribe_ticket_header":"","_tribe_default_ticket_provider":"","_tribe_ticket_capacity":"0","_ticket_start_date":"","_ticket_end_date":"","_tribe_ticket_show_description":"","_tribe_ticket_show_not_going":false,"_tribe_ticket_use_global_stock":"","_tribe_ticket_global_stock_level":"","_global_stock_mode":"","_global_stock_cap":"","_tribe_rsvp_for_event":"","_tribe_ticket_going_count":"","_tribe_ticket_not_going_count":"","_tribe_tickets_list":"[]","_tribe_ticket_has_attendee_info_fields":false,"_EventAllDay":false,"_EventTimezone":"","_EventStartDate":"","_EventEndDate":"","_EventStartDateUTC":"","_EventEndDateUTC":"","_EventShowMap":false,"_EventShowMapLink":false,"_EventURL":"","_EventCost":"","_EventCostDescription":"","_EventCurrencySymbol":"","_EventCurrencyCode":"","_EventCurrencyPosition":"","_EventDateTimeSeparator":"","_EventTimeRangeSeparator":"","_EventOrganizerID":[],"_EventVenueID":[],"_OrganizerEmail":"","_OrganizerPhone":"","_OrganizerWebsite":"","_VenueAddress":"","_VenueCity":"","_VenueCountry":"","_VenueProvince":"","_VenueState":"","_VenueZip":"","_VenuePhone":"","_VenueURL":"","_VenueStateProvince":"","_VenueLat":"","_VenueLng":"","_VenueShowMap":false,"_VenueShowMapLink":false,"footnotes":"","_tec_slr_enabled":"","_tec_slr_layout":""},"class_list":["post-980","page","type-page","status-publish","hentry"],"ticketed":false,"_links":{"self":[{"href":"https:\/\/jugendverein-herrieden.de\/index.php?rest_route=\/wp\/v2\/pages\/980","targetHints":{"allow":["GET"]}}],"collection":[{"href":"https:\/\/jugendverein-herrieden.de\/index.php?rest_route=\/wp\/v2\/pages"}],"about":[{"href":"https:\/\/jugendverein-herrieden.de\/index.php?rest_route=\/wp\/v2\/types\/page"}],"author":[{"embeddable":true,"href":"https:\/\/jugendverein-herrieden.de\/index.php?rest_route=\/wp\/v2\/users\/2"}],"replies":[{"embeddable":true,"href":"https:\/\/jugendverein-herrieden.de\/index.php?rest_route=%2Fwp%2Fv2%2Fcomments&post=980"}],"version-history":[{"count":0,"href":"https:\/\/jugendverein-herrieden.de\/index.php?rest_route=\/wp\/v2\/pages\/980\/revisions"}],"wp:attachment":[{"href":"https:\/\/jugendverein-herrieden.de\/index.php?rest_route=%2Fwp%2Fv2%2Fmedia&parent=980"}],"curies":[{"name":"wp","href":"https:\/\/api.w.org\/{rel}","templated":true}]}}